4631 - 344?
4276
In base 10, what is -5901 - 1300?
-7201
In base 9, what is 46 + -83308?
-83252
In base 8, what is 252201 - 1?
252200
In base 7, what is 3 + -1302?
-1266
In base 7, what is -266 - 65?
-364
In base 4, what is 2 - -3013202?
3013210
In base 4, what is 12303 + -1133?
11110
In base 9, what is 857 + 127?
1085
In base 16, what is -1b - 6ce?
-6e9
In base 16, what is -3d06 + -2c?
-3d32
In base 6, what is -3 - -114041?
114034
In base 12, what is -23 + -58a?
-5b1
In base 5, what is 4 - 1104213?
-1104204
In base 3, what is -2010 + 12002?
2222
In base 15, what is -1e - 166?
-185
In base 6, what is 155242 + 21?
155303
In base 5, what is -14 - 10102111?
-10102130
In base 6, what is -11221112 - 0?
-11221112
In base 7, what is 130306 - 4?
130302
In base 11, what is 30a - -18?
327
In base 8, what is -17335 + -4?
-17341
In base 2, what is 100 - 10010000010011?
-10010000001111
In base 6, what is -153 + 1211?
1014
In base 15, what is -7d801d + 0?
-7d801d
In base 3, what is -112210100 + 1100?
-112202000
In base 10, what is -51650 + 1?
-51649
In base 14, what is -5269 + -12a?
-5395
In base 15, what is 7 + 2380?
2387
In base 3, what is 1 - 111122220?
-111122212
In base 11, what is -2 - 54604?
-54606
In base 5, what is 2244 - -241212?
244011
In base 16, what is 3 + 18ed0?
18ed3
In base 11, what is 49 + -4084?
-4036
In base 11, what is -5078 + -24?
-50a1
In base 2, what is 110 + 1000001100000110100?
1000001100000111010
In base 2, what is 10010010100101110 - 1101?
10010010100100001
In base 15, what is -cd + -661?
-73e
In base 4, what is 31222 - 112232?
-21010
In base 7, what is 4634 + 254?
5221
In base 13, what is -18163 - 2?
-18165
In base 15, what is -688 - -1d?
-66a
In base 14, what is 4 + 94c4?
94c8
In base 15, what is -7 + 144d5?
144cd
In base 4, what is 2 + 23312031?
23312033
In base 6, what is -11424314 + 4?
-11424310
In base 3, what is -10221 - 11101202?
-11112200
In base 16, what is -3f + 2c8?
289
In base 14, what is -72778 + 4?
-72774
In base 16, what is 55e888 - 4?
55e884
In base 6, what is 0 + 24412?
24412
In base 8, what is -6125 + -23?
-6150
In base 2, what is 1110000011110 - 101?
1110000011001
In base 7, what is -30220 + -6?
-30226
In base 9, what is -8523 - -6?
-8516
In base 13, what is 961c4 + 3?
961c7
In base 9, what is 12650 - 3?
12646
In base 14, what is -9 - c0764?
-c076d
In base 15, what is 22 + 26bc?
26de
In base 6, what is -13235535 + -3?
-13235542
In base 5, what is -124411420 + -1?
-124411421
In base 13, what is -2 + 45caca?
45cac8
In base 2, what is 1101 - -11100011101100?
11100011111001
In base 7, what is -51620 + 23?
-51564
In base 10, what is 29682 + -4?
29678
In base 11, what is 3 - -186?
189
In base 10, what is -14040 - 2?
-14042
In base 6, what is 3 - 221423?
-221420
In base 10, what is -280 + -3234?
-3514
In base 14, what is 2 - -116c?
1170
In base 12, what is 10116 + -5?
10111
In base 12, what is -2 + -7a07b2?
-7a07b4
In base 14, what is 1a4879 - -1?
1a487a
In base 6, what is 0 + 215431?
215431
In base 8, what is 16 + -516673?
-516655
In base 6, what is 42 - 255332?
-255250
In base 2, what is -1001000 + 110011101000000?
110011011111000
In base 8, what is -27320 - 3?
-27323
In base 12, what is -a - 1b66?
-1b74
In base 13, what is 128a + 9c?
1359
In base 5, what is -3114 - 4024?
-12143
In base 6, what is -225125512 - -4?
-225125504
In base 16, what is -2 + 18de9?
18de7
In base 4, what is 212 - -1332010?
1332222
In base 12, what is 15 - 23a0?
-2387
In base 2, what is -101 - 11010111011?
-11011000000
In base 6, what is -210 - 233045?
-233255
In base 2, what is 1100 - -110010111001?
110011000101
In base 8, what is -221 + -40?
-261
In base 3, what is 12 + -10020022212?
-10020022200
In base 10, what is -23 - -182856?
182833
In base 9, what is -2871 + 5?
-2865
In base 7, what is -366 - -1166?
500
In base 8, what is 355141 + 3?
355144
In base 11, what is 5a90a - 7?
5a903
In base 8, what is -1156565 - -1?
-1156564
In base 4, what is -3321 - 22022?
-32003
In base 12, what is -b255 + 47?
-b20a
In base 7, what is 215 - -14143?
14361
In base 3, what is -212 - 10022221111?
-10022222100
In base 3, what is 2 - 122211101?
-122211022
In base 5, what is 12224 - -21020?
33244
In base 9, what is -353156 - 2?
-353158
In base 4, what is -2131 - 331231?
-1000022
In base 16, what is 5 + 21b?
220
In base 4, what is -2 + -23111232?
-23111300
In base 15, what is b078 + -21?
b057
In base 5, what is 13 + -33432?
-33414
In base 15, what is -50c + 19b?
-361
In base 4, what is -3123021 + -2?
-3123023
In base 3, what is -2011 + 20211222?
20202211
In base 5, what is 22032313 - 10?
22032303
In base 14, what is 0 + -10ac83?
-10ac83
In base 10, what is 66 + -1395?
-1329
In base 11, what is -16651 - -6?
-16646
In base 8, what is 3 - -22105?
22110
In base 9, what is -2761 - -217?
-2543
In base 9, what is -6 - 10074?
-10081
In base 2, what is 0 + 110000101001011?
110000101001011
In base 11, what is 46891 - -8?
46899
In base 9, what is -11647 - 0?
-11647
In base 12, what is -252 - -103?
-14b
In base 4, what is 21302311300 - 0?
21302311300
In base 3, what is 12222 + 1021102?
1111101
In base 5, what is 320 - 2142?
-1322
In base 2, what is 101010 + -10011001011110?
-10011000110100
In base 7, what is -1061210 + 1?
-1061206
In base 12, what is 4 + -1289b?
-12897
In base 3, what is 1122201021212 - -11?
1122201022000
In base 14, what is a600 + 4?
a604
In base 15, what is 2 + d633?
d635
In base 7, what is 3514554 + -22?
3514532
In base 14, what is 5 + 41a6?
41ab
In base 5, what is -120 - 3301102?
-3301222
In base 15, what is 6 + -10c2?
-10bb
In base 5, what is -1401442 + 4?
-1401433
In base 2, what is 1 + -101001101010011100111?
-101001101010011100110
In base 4, what is 1 - 223303220?
-223303213
In base 13, what is -4 + -31883?
-31887
In base 2, what is -101100 + 11010101?
10101001
In base 3, what is 1202 - -200102?
202011
In base 15, what is 12 + dec6?
ded8
In base 10, what is -1712 + 24?
-1688
In base 15, what is 183a5 - 1?
183a4
In base 15, what is 3c8 - 14?
3b4
In base 15, what is 48a6 - 11?
4895
In base 3, what is 22 + 1001010201?
1001011000
In base 11, what is -28a - 111?
-3a0
In base 14, what is -8a3 + 2d6?
-5ab
In base 3, what is 102200 - 212000?
-102100
In base 13, what is 1a5 - 33?
172
In base 14, what is -855 + 6?
-84d
In base 16, what is 12ea - -161?
144b
In base 9, what is 425410 - 5?
425404
In base 2, what is 100 - -1011011110101011011?
1011011110101011111
In base 4, what is 110231230 + -13?
110231211
In base 10, what is -9 + -7178?
-7187
In base 16, what is -53f90 - 1?
-53f91
In base 3, what is 20110 + 121001201?
121022011
In base 7, what is 233 - 23?
210
In base 7, what is 15 + 210120?
210135
In base 8, what is -64405 - -12?
-64373
In base 4, what is -2 + 13031012?
13031010
In base 2, what is -10001010111 - -10011001?
-1110111110
In base 12, what is -4 + -170606?
-17060a
In base 6, what is -125502 - -13?
-125445
In base 15, what is 1c859 + -3?
1c856
In base 4, what is 122 + 22123122?
22123310
In base 2, what is 1100101011110111001 + -10001?
1100101011110101000
In base 12, what is -614b39 - -3?
-614b36
In base 9, what is 1 + -14223?
-14222
In base 14, what is 19 - 93c?
-923
In base 9, what is -3 + -1251558?
-1251562
In base 9, what is -3267 + -3?
-3271
In base 14, what is 6bb + 9a?
777
In base 12, what is -618 + 134?
-4a4
In base 12, what is 6 + 13aa?
13b4
In base 7, what is 3 + -60221?
-60215
In base 5, what is 2 + 22120144?
22120201
In base 13, what is 2ba1 + -8?
2b96
In base 9, what is 20438 - -1?
20440
In base 16, what is -e - -610?
602
In base 4, what is 20321210 - 3?
20321201
In base 2, what is 101 - 10000110110101011?
-10000110110100110
In base 5, what is -2201334 + -11?
-2201400
In base 8, what is 115235 + 1?
115236
In base 3, what is 110022 - -2001201?
2112000
In base 4, what is -1 - -12013102?
12013101
In base 12, what is 5b075 - -1?
5b076
In base 14, what is -2 + c606?
c604
In base 4, what is 33 - 33320?
-33221
In base 10, what is 5 + -21674?
-21669
In base 2, what is 111101110 - -1111?
111111101
In base 3, what is 2 - 1202120?
-1202111
In base 9, what is 5 + -350386?
-350381
In base 5, what is -23 - -12404?
12331
In base 8, what is 4 + -24140?
-24134
In base 13, what is 106a7 - -2?
106a9
In base 6, what is -4350 - 32?
-4422
In base 15, wh